7289 - -7290. Give j(u).
4
Let f(o) be the third derivative of 0 - 7/6*o**3 - o**2 + 1/60*o**5 + 0*o**4 - 26*o. Suppose -4*s - s = 0. Determine f(s).
-7
Let a(v) = 53*v + 53. Let b be a(5). Let d = b + -322. Let l(m) = 3*m + 2. Give l(d).
-10
Let g(j) = -45 + 4*j + 18 + 22 - 5*j - j**2. Let u be (-295)/(-10) + -1 + 3/(-2). Let a = -27 + u. Calculate g(a).
-5
Let r(j) be the second derivative of 54*j - 2/3*j**3 + 0 + 7/12*j**4 - 3/2*j**2 - 1/20*j**5. Determine r(6).
9
Let g(t) = -2*t**2 + 6*t + 4. Let m(i) = -6*i**2 + 16*i + 11. Let c(b) = 8*g(b) - 3*m(b). Give c(3).
17
Let f(z) = -9*z**2 + 2*z + 18*z**2 + 4*z**2 + 7*z**2 - 9*z**2. Determine f(-1).
9
Let o(w) be the third derivative of w**6/120 - w**5/30 - w**4/8 - w**3/3 - 4*w**2. Let d = -160 + 170. Let r be 7/((-35)/30) + d. Determine o(r).
18
Let b(i) = -i - 3. Suppose -2*x = -7*x - 655. Let s = -139 - x. What is b(s)?
5
Let t(o) = -o**3 + 5*o**2 - o - 7. Suppose -19*y - 1925 = -26*y. Let w = 279 - y. Give t(w).
5
Suppose -909*p + 380*p = 3373 + 330. Let r(n) be the third derivative of -n**6/120 - 7*n**5/60 - n**4/24 - n**3/3 - n**2. What is r(p)?
5
Let k(g) = -g**2 + 21. Let o be (6/1)/((-228)/(-152)). Determine k(o).
5
Suppose -4*g = -5*q + 2959, -2*q - 586 = -3*q - 5*g. Suppose -q*o + 30 = -596*o. Let s(l) = -l**2 - 10*l - 20. Calculate s(o).
4
Let v = 28 - 30. Let t(w) = 74 - 26 - 2*w - 28 + 0*w - 19. Give t(v).
5
Suppose 9 = -5*h + q - 35, 0 = 5*h + 3*q + 28. Let c(y) = -2*y**2 - 10*y - 13. Determine c(h).
-61
Let l(k) be the third derivative of -k**7/840 - k**6/60 - k**5/30 + k**4/2 - 263*k**3/6 - 3*k**2 + 1. Let o(t) be the first derivative of l(t). Determine o(-5).
7
Let s be 110/(-90) + 1 + (-2)/(-9). Suppose 4*v + 4*l - 44 = 0, -4*l + 17 = -3. Suppose s = 3*p + v. Let u(a) = 5*a - 1. Give u(p).
-11
Suppose 0 = -2*d + 22 - 8. Suppose 2*x - d + 28 = 3*u, -2*u = x. Let n(z) = -z**3 - 5*z**2 + 6*z - 3. What is n(x)?
-3
Let v(s) = -s**3 - 4*s - 4. Suppose 2*a + 4*c = 502 - 486, -20 = -3*a - 5*c. Give v(a).
-4
Let v(c) be the second derivative of -2*c**3/3 - 5*c**2 - 44*c + 4. Give v(-7).
18
Let p(h) = -h**2 - 2*h + 3. Let o(f) = -477*f + 2847. Let v be o(6). Let t(a) be the third derivative of -a**4/24 - 3*a**3 + a**2. Let k be t(v). What is p(k)?
0
Let y(a) = a**3 - 6*a**2 + 8*a + 5. Let m be y(4). Let l be (3/15)/(1/m). Suppose -d - l = 4. Let p(s) = s**3 + 4*s**2 - 3*s + 2. Give p(d).
-8
Suppose -2*x + 4*x = 6. Let a be 232/12 - (-36)/(-27). Suppose x*o + 3*l = -l + 21, o + 5*l = a. Let m(r) = -r**3 + 2*r**2 - 5*r + 2. Calculate m(o).
-22
Let s = 140 - 140. Let l(p) = -986*p - 1 + s + 966*p. What is l(-1)?
19
Let x be 2 + (-9 - (1 + 0)). Let u(g) = 25241 + 25271 - g - 50511. What is u(x)?
9
Let c(g) = 2*g + 9. Let u(t) be the third derivative of -1/8*t**4 + 0 - 7/3*t**3 + 0*t + 9*t**2. Let i(m) = 7*c(m) + 5*u(m). What is i(0)?
-7
Let w = 11 - 20. Let y be (3/(-2))/(w/24). Let p(m) = m**3 - 4*m**2 + 2*m + 1. Calculate p(y).
9
Let g(k) = 5*k + 3. Suppose -3*v = -4*h - 226, -9*h + 8*h = 4. Let c = v + -88. Let a = c - -13. What is g(a)?
-22
Let g(x) be the third derivative of x**6/40 - 7*x**5/20 - 5*x**4/24 + 2*x**3 - 6905*x**2. Give g(7).
-23
Let d(b) = -40*b - 219. Let a(j) = -79*j - 426. Let u(z) = -3*a(z) + 5*d(z). Determine u(-5).
-2
Let x(p) = -p**2 - 6*p + 6. Let g be x(-6). Let l = g - 3. Let u(v) be the third derivative of v**6/120 - v**5/30 - v**4/12 - 3*v**2 - 5*v + 3. What is u(l)?
3
Let u = 3 + -5. Let j(f) = 6*f - 5. Let l(z) = -7*z + 3. Let b(o) = -3*j(o) - 4*l(o). Determine b(u).
-17
Let j(m) = m**2 + 33*m + 43. Let g be 23/184*-40 + -1 + -26. Determine j(g).
11
Let r be 7*(-3 - ((-2 - 6)/2 + 2)). Let s(y) = -2*y**2 - 5*y - 16. Give s(r).
-79
Let h(q) = -7*q**2 + 2*q - 7737 + 6*q**2 + 7741. Let x(r) = 2*r**3 + 1. Let f be x(1). Calculate h(f).
1
Let z = 22 - 15. Let g(c) = -3*c**3 + 2*c**2 - 9*c + 1. Let v be 7/(-2)*(234/(-42) + 5). Let d(j) = -j**3 - 3*j**2 - j + 1. Let o(k) = v*d(k) - g(k). Give o(z).
1
Let h be 2 - (22*3)/(-2). Let f = h + -38. Let c(p) = -p**2 - 4*p - 5. Let a be c(f). Let i(v) = -v**3 - v**2 + 2*v + 3. Determine i(a).
3
Let k(a) = -192 - 202 - 156 + 629 - 4*a. Calculate k(23).
-13
Let i(a) = 19*a**2 - 74*a - 4. Let x be (2014/(-265) + (-4)/10)/(-2). What is i(x)?
4
Let t(s) be the first derivative of 1/2*s**2 - 8*s + 101. What is t(0)?
-8
Let o(i) = -i**2 - 7*i + 8. Suppose -2*q = -3*f + 6, -f + 9 = -3*q - 5*f. Let v be q + (-3 - -4) - -75. Let d = -81 + v. What is o(d)?
0
Let a(u) = -u**2 + 9*u - 23. Let g be a(4). Let z be 10/25 + 96/10. Let d(n) = n - z + 12 - 6. Calculate d(g).
-7
Let o be ((-3)/(-2))/((-3)/(-4)). Let b(y) = -y**3 + 34*y**2 - 94*y + 37. Let h be b(31). Let z(k) = -h*k**2 + o*k**2 + 6*k**2. Calculate z(1).
2
Suppose -t - 9 = -4*t. Let r be (4 - (-2 + t)) + 1. Let q(a) = -a + 3*a - 2 - a - 2*a. Give q(r).
-6
Let h(r) = r**3 + 24*r**2 - 29*r - 99. Let t be -4 + -23 + 15 + -13. What is h(t)?
1
Let w be ((-225)/(-30))/(1/(-2)). Let y = -3 - w. Let i(n) = -n**2 + y*n**3 - n - 6*n**3 - 6*n**3 + n**3. Calculate i(-1).
-1
Suppose s - 3*r + 8 = 0, 3*r - 6 = 4*s - s. Suppose -3*m + m = 2*g, 0 = -3*m - 4*g - 1. Let l(z) = -2*z**2 + m - z - z - 2 + 2. Determine l(s).
-3
Let x(p) be the third derivative of -p**6/120 + 19*p**5/30 - 37*p**4/24 - 7*p**3/6 - 4051*p**2. Give x(37).
-7
Let z(k) = -17 - 11*k**2 - 10 - 1 + k**2 + 20*k + 11*k**2. Calculate z(-22).
16
Let v(h) be the third derivative of h**6/120 - 2*h**5/15 + 5*h**4/12 - h**3/2 - 5*h**2. Let f be 54/(-36)*(-6)/(-9) + 8. Give v(f).
18
Let c(s) = -28 + 13 + 14 + 10 + s - 3. Give c(11).
17
Suppose -71 = -2*u - 4198*y + 4203*y, 2*y + 14 = -u. Let v(t) be the second derivative of -t**5/20 + 3*t**4/4 - t**3 - 4*t**2 - t. Give v(u).
8
Suppose 0 = -4*d - 5*d - 108. Let q be d/(-2*(-1)/(-1)). Let g(s) be the second derivative of s**5/20 - s**4/2 - s**3/6 + 2*s**2 + 3*s. What is g(q)?
-2
Let x(q) = -2*q**2 - 2*q - 2. Let u(r) = -r**3 + 7*r**2 - 4*r + 33. Let a be u(7). Let n be a + (3 + -19)/2. Determine x(n).
-14
Let t(z) = 60*z**2 - 19*z + 22. Let l(k) = -41*k**2 + 12*k - 14. Let u(q) = 8*l(q) + 5*t(q). Calculate u(1).
-29
Let a be 117/27 - (-1)/(-3). Let f be -8 + (1 - a) + 5. Let i(s) = 17*s + 3 + s**3 + 0*s + 2 - 10*s + 7*s**2. Determine i(f).
-1
Let y(j) be the third derivative of j**5/15 - j**4/8 + j**3/3 - 3*j**2 - 389*j. Calculate y(1).
3
Let s be 5 + -11 + 3 - -9. Let c(h) = s + 18*h - 4 - 17*h. Let u = 5 + -5. Calculate c(u).
2
Let l(q) = 2*q + 2. Let u(y) = 3*y + 4. Let g(m) = 5*l(m) - 3*u(m). Suppose 0 = -2*i - 0*i - d + 14, -d = 4. What is g(i)?
7
Let y(x) = 4*x - 93. Let j be y(25). Let v be (-4)/(j/(35/10)). Let i(w) = -w**3 - 2*w**2 - w - 1. Give i(v).
1
Let n(d) = -38*d + 116. Suppose -6*g + 36 = 5*b - 9*g, 5*b + 20 = -5*g. Give n(b).
2
Let k(f) be the third derivative of f**6/40 - f**5/30 - f**4/6 - 5*f**3/6 - 26*f**2 + 6. Give k(-2).
-29
Let h(i) = -9*i**2 - 41*i + 8. Let y(o) = -10*o**2 - 45*o + 10. Let t(u) = 9*h(u) - 8*y(u). What is t(-3)?
10
Let q = -59 - -58. Let z(w) be the third derivative of 1/6*w**3 - 5/24*w**4 + 0 + 2*w**2 + 0*w. Calculate z(q).
6
Let v(x) = -x**2 - 9*x - 6. Let n be 35/(-4) - (-82)/(-328). Give v(n).
-6
Let q(g) = -2*g**2 + 146 + 144 + 6*g - 582 + 146 + 151. Give q(-4).
-51
Let p(d) = 25 - 26 - 4*d + 2*d + 6*d. Suppose 5*r - 3 = -2*m, -2*r - 13 - 1 = -3*m. What is p(r)?
-5
Let i(d) = -7*d**3 - 99*d**2 + 18*d - 19. Let q(a) = -3*a**3 - 43*a**2 + 9*a - 10. Let s(m) = -4*i(m) + 9*q(m). What is s(-8)?
-22
Suppose -51*i = -7*i + 660. Let n(r) = r**3 + 8*r**2 - 104*r + 10. Give n(i).
-5
Let p be (-1 - (3 + -2)) + 18. Suppose -4*l = p, -5*y + y - 8 = 5*l. Let z(t) = 3 + 171*t**3 - 99*t**3 + 2*t**2 + 2*t - 3 - 73*t**3. Calculate z(y).
-3
Let g(o) = o**3 + 6*o**2 - 1. Suppose 15 = -3*i, -5 = 5*u + i - 0. Suppose u = -3*n + 20 - 38. Determine g(n).
-1
Let a be 3 + ((-55)/20)/1. Let q(x) be the first derivative of -a*x**4 - x + 1/2*x**2 - 1 + 0*x**3. What is q(-2)?
5
Let o(c) = -c**3 - 8*c**2 + 9*c - 2. Suppose 978 = -13*n + 16*n. Let m = -335 + n. What is o(m)?
-2
Let w(l) = l**3 - 7*l**2 + 12*l - 10. Suppose 19 = -9*c + 64. Let g be w(c). Let x(z) = z**2 - 7. Calculate x(g).
-7
Let z(y) be the second derivative of y**3/3 - 2*y**2 - 22*y. Let p = -10 -